or of 3848202 and 9?
9
What is the greatest common divisor of 9006 and 1036164?
474
Calculate the greatest common divisor of 48182637 and 2445.
489
Calculate the highest common divisor of 621770360 and 19280.
9640
Calculate the greatest common divisor of 4460 and 147070.
10
What is the highest common factor of 444 and 34474528?
148
What is the greatest common divisor of 1046604 and 107913?
39
Calculate the greatest common factor of 1896 and 113153280.
1896
Calculate the greatest common factor of 14424203 and 6544.
409
Calculate the highest common divisor of 2696937 and 1945.
389
Calculate the greatest common factor of 148 and 12025888.
148
Calculate the greatest common divisor of 753 and 67427385.
753
What is the greatest common factor of 13630 and 3157930?
470
What is the greatest common factor of 471 and 936505?
157
What is the highest common factor of 3240 and 1841859?
81
What is the highest common factor of 1689369 and 1397?
11
Calculate the highest common factor of 4362302 and 91.
7
What is the highest common divisor of 189510929 and 111?
37
What is the highest common divisor of 44916130 and 138958?
8174
What is the greatest common factor of 629 and 827067?
17
Calculate the greatest common factor of 8624 and 2113958.
1078
What is the highest common factor of 15588 and 136368?
36
Calculate the greatest common divisor of 722 and 111997723.
361
What is the highest common divisor of 832 and 191267232?
416
What is the greatest common factor of 1092173530 and 70?
70
Calculate the greatest common divisor of 1795239 and 4077.
1359
What is the greatest common factor of 3781963831 and 541?
541
Calculate the greatest common factor of 115824701 and 1359.
151
Calculate the highest common divisor of 559 and 18832723.
13
Calculate the greatest common divisor of 732553834 and 13362.
4454
Calculate the greatest common divisor of 5861955 and 660.
165
What is the greatest common factor of 314031626 and 5268?
878
What is the highest common factor of 360 and 1178044200?
360
What is the highest common divisor of 1113345 and 61124015?
13745
What is the greatest common factor of 391 and 84435889?
17
What is the highest common divisor of 6197169 and 1639?
11
What is the greatest common factor of 5247 and 6781698?
99
What is the greatest common divisor of 314 and 6810817?
157
Calculate the greatest common divisor of 34 and 360388304.
34
Calculate the highest common factor of 238786 and 12412.
58
Calculate the highest common factor of 12394 and 370735525.
6197
Calculate the greatest common divisor of 298 and 62214652.
298
Calculate the greatest common divisor of 96913 and 3383.
199
What is the greatest common factor of 5620 and 25510?
10
Calculate the greatest common factor of 798 and 8917958.
14
What is the greatest common factor of 395 and 257298260?
395
Calculate the highest common divisor of 41200 and 761170.
1030
Calculate the highest common divisor of 1924088 and 414.
46
Calculate the greatest common divisor of 60 and 309440140.
20
Calculate the greatest common factor of 296343056 and 17536.
2192
What is the greatest common factor of 132728 and 187671?
47
Calculate the highest common divisor of 1497629 and 217.
7
What is the highest common factor of 21045 and 5001390?
915
What is the highest common factor of 34810373 and 208?
13
Calculate the greatest common divisor of 7845 and 39345.
15
Calculate the greatest common divisor of 25976 and 1239972.
764
Calculate the greatest common factor of 977719395 and 30.
15
Calculate the highest common factor of 8 and 70578568.
8
What is the greatest common factor of 553 and 1871513?
7
Calculate the greatest common factor of 473779 and 668.
167
Calculate the greatest common divisor of 182 and 3698954.
14
What is the highest common factor of 21 and 58507575?
21
What is the highest common factor of 414993 and 23736?
129
What is the greatest common divisor of 89779410 and 17856?
558
What is the greatest common factor of 16790 and 166142890?
730
Calculate the greatest common factor of 140 and 4367755.
35
What is the highest common divisor of 955341 and 8630?
863
Calculate the greatest common factor of 56544 and 41764812.
7068
What is the greatest common factor of 13 and 95737811?
13
What is the highest common factor of 1989 and 302391?
9
What is the greatest common divisor of 2718 and 45769761?
1359
Calculate the greatest common divisor of 3844065 and 601369.
1021
Calculate the greatest common factor of 14288219 and 737.
737
What is the highest common factor of 3676 and 1455695081?
919
What is the greatest common divisor of 10 and 83227300?
10
What is the greatest common factor of 449 and 461266231?
449
What is the greatest common factor of 174926956 and 4988?
116
What is the highest common divisor of 121 and 30199213?
11
What is the highest common factor of 285074855 and 520?
65
Calculate the highest common divisor of 89 and 53144837.
89
What is the highest common factor of 462749 and 12719?
7
What is the highest common factor of 10511730 and 180?
90
What is the highest common divisor of 5243685 and 15?
15
What is the highest common factor of 4248 and 109681000?
472
What is the greatest common factor of 26466 and 3162786?
66
Calculate the greatest common factor of 1353 and 202092.
33
What is the greatest common factor of 3426 and 106?
2
Calculate the highest common factor of 1819 and 4890050.
17
Calculate the greatest common factor of 8056 and 26910008.
424
Calculate the highest common divisor of 128 and 133079872.
64
Calculate the highest common divisor of 109404690 and 510.
510
Calculate the greatest common factor of 1575 and 27508050.
225
What is the highest common divisor of 35061 and 146847?
93
Calculate the highest common divisor of 32441250 and 3116.
82
Calculate the highest common factor of 5558463 and 243.
81
Calculate the highest common factor of 34286 and 3574858.
434
What is the highest common divisor of 117513 and 102267?
99
Calculate the greatest common divisor of 215 and 10274119.
43
What is the greatest common divisor of 5056623 and 1859?
143
What is the highest common factor of 3581695 and 715?
65
What is the greatest common divisor of 1220 and 276587725?
305
Calculate the greatest common divisor of 228 and 29518428.
12
Calculate the greatest common divisor of 2103 and 522849963.
2103
What is the highest common divisor of 1841490 and 74025?
315
Calculate the highest common factor of 17468737 and 1573.
143
Calculate the greatest common factor of 15611 and 302201.
233
Calculate the highest common divisor of 5 and 851636.
1
Calculate the highest common factor of 578 and 3097876.
34
Calculate the highest common divisor of 3875 and 29511125.
125
Calculate the greatest common factor of 3234 and 3137274.
294
Calculate the highest common factor of 4761 and 1682749.
529
Calculate the highest common factor of 29667 and 1897789.
899
Calculate the highest common factor of 76249236 and 187467.
2373
What is the highest common factor of 6780 and 6083694?
678
What is the greatest common factor of 4851 and 109483?
11
What is the greatest common factor of 163483339 and 17?
17
Calculate the highest common divisor of 1513342 and 1978.
86
Calculate the highest common divisor of 6946264 and 156.
52
What is the greatest common factor of 1701 and 687690?
243
Calculate the greatest common divisor of 337570 and 45.
5
Calculate the greatest common divisor of 104 and 23361637.
13
What is the highest common factor of 845820 and 139700?
2540
What is the greatest common divisor of 36601 and 8245?
17
What is the highest common divisor of 134865126 and 110?
22
Calculate the greatest common factor of 230 and 82189810.
230
What is the highest common factor of 150231867 and 77712?
4857
Calculate the highest common divisor of 21570791 and 121.
121
Calculate the highest common factor of 237 and 1121478075.
237
Calculate the highest common factor of 93 and 214444081.
31
Calculate the highest common divisor of 335119 and 17861.
53
What is the highest common divisor of 1502961 and 5809?
157
Calculate the greatest common divisor of 294971600 and 2198.
2198
Calculate the greatest common factor of 36867488 and 1120.
224
What is the greatest common factor of 3286 and 268894?
62
Calculate the highest common factor of 1036 and 2708069.
7
Calculate th